te -10 + (6 - -1) + -3 - (5 - 14) - 2.
1
-6 - ((-35 - (-17 + 10)) + 0)
22
What is -14 - (52 + -156 + 29)?
61
What is 67 + 19 + -74 - 41?
-29
Calculate 4 + (21 + -22 - (1 + -8)) + -366 + 402.
46
Evaluate (-29 - -41 - 88) + 9 + (-10 - -4) + 5.
-68
-21 - (6 - -1) - (889 - 860)
-57
(-237 - -416) + -86 + (-2 + 2 - 9)
84
Calculate 6 - ((-49 - -101) + -50 - (-6 + 0)).
-2
Calculate -6 + 34 + (-471 - -465).
22
Calculate 112 + (-3 - -6 - 1) + (37 - (47 + 5)).
99
Calculate -26 - ((61 - 61) + 32 + -7).
-51
476 + -467 + 48 + (1 - (-1 - 3 - -4))
58
Evaluate 165 + -165 + -4 + -42 + (-11 - -7).
-50
(11 - 13) + (69 - 1) + 38 + -35 + 0
69
What is 14 + -46 + 26 - -67?
61
69 + 16 + -141 - (2 + -14)
-44
Evaluate 9 - (-5 + -9 + 6) - (6 - (6 - 12)).
5
What is (-12 - 24) + 34 - (-2 + -67) - 9?
58
(31 - (33 + -31)) + -40
-11
Evaluate -37 + (-38 - -63) + -24.
-36
What is (61 - (-88 + 84)) + (46 - 7)?
104
Evaluate 78 + (14 - (1 + 12 + -25 + 12 + 22)).
70
What is the value of 3 - -16 - (-1109 + 1062)?
66
What is 62 - 51 - 27 - (51 + -4)?
-63
What is 5 + 0 + (-4 - (42 + -1))?
-40
What is (182 - (46 + -49)) + -87?
98
Evaluate 20 + 1 + -3 + 1 + (79 - 73).
25
(16 - (62 - -11)) + 89
32
Evaluate 7 + 0 + (33 + -2 + -6 - 9 - 8).
15
Evaluate -18 + 10 + 71 + 11 + -26 + -1.
47
Calculate -1 + (6 - -2) + -3 + -35 + -7.
-38
What is 68 + 12 + -30 + -24?
26
Calculate (-7 - 0) + 3 + 4 + 1 + -4 + 5.
2
Calculate -48 + (-1 - (-27 + -13)).
-9
Evaluate 2 + (14 - (-2 - -23)) + 23 - -1.
19
What is the value of (2 - -44) + -78 + -1 + -23?
-56
What is the value of 3 + 2 - -31 - ((41 - 36) + 1 + 2)?
28
What is (-24 - 8) + 115 - ((-1 - 14) + 3)?
95
Evaluate (-21 - (-3 + 0)) + 34 + -26.
-10
Evaluate (-16 + -1 + -15 + 21 - -8) + 7 + -9.
-5
What is the value of -83 + (-27 - -45) - (-10 - (4 - (4 + -2)))?
-53
What is the value of -39 + (-4 - -35) + -6?
-14
Calculate 52 - 1 - 2 - (2856 + -2868).
61
What is the value of -831 + 817 + (-1 - (4 + -8 - -36))?
-47
Evaluate (824 - 771) + (-3 - 79).
-29
Evaluate 24 - (0 - (3 + -8) - -5) - 55.
-41
What is (27 - 33) + -9 + -2 + -1?
-18
What is the value of 57 + -8 - 89 - -49 - (102 - (-1 + 1))?
-93
What is the value of 9 - (-50 - (-6 + -38))?
15
Evaluate 58 + -51 + 13 + 27.
47
185 - (27 - 98 - -134)
122
What is -15 - (3 + -38 + -8 + 32)?
-4
What is -28 + (30 + 0 - 20) - -13?
-5
What is 10 + -6 + -7 + 23 + (8 - 8) + 6?
26
Evaluate (-5 - -3) + -20 + (0 - 13 - 41).
-76
What is (156 + -143 - -109) + -209?
-87
65 - (-237 + 266 - (63 - -1))
100
Evaluate 31 - (-4 - (-15 + -35)).
-15
Evaluate -20 - (38 + 38 + -15).
-81
Calculate -367 + 348 + (50 - -2) + 4.
37
(-94 - -17 - (-1 + 0 + 1 + 5)) + 9
-73
What is the value of -43 - (-25 + -22 + 26 + -16)?
-6
Evaluate -25 + (-1 + -8 - (-337 + 299)) + -55 + -1.
-52
Calculate (-13 - 29) + 10 - (2 + 3 + (17 - 25)).
-29
(8 - (23 + (20 - 45))) + -20
-10
Evaluate (-77 - -5) + 14 + 21 + -64.
-101
What is -35 + 0 - (-13 - (-17 - 20) - 14)?
-45
Evaluate -10 - (9 - -2) - -27.
6
Calculate -3 + (50 - 8) + 5.
44
What is (0 + -1 - 46) + (-20 - -20) - (-540 - -552)?
-59
Calculate 93 + (26 + -40 - (-4 - (16 - 4))).
95
0 + 641 + -629 + -3 + (0 - 0) + -65
-56
What is the value of (765 - 749) + -2 + -2 + -58 + 0?
-46
Calculate -6 + (4 - 2) + -4 - (-7 + 1 + -12).
10
(-27 - -2) + -1 + -62 + 60 + (-115 - -114)
-29
What is the value of (-10 - (-3 + 14 + -12)) + 52?
43
Evaluate 20 + 0 - (38 - (-34 + 61) - 9).
18
Evaluate (-1 - 69) + 1444 + -1325.
49
Calculate -23 - (2 - (60 - (-20 - 5))).
60
What is the value of (-1 + 2 - 16) + 1271 + -1201?
55
What is -6 + -15 + 12 - (-8 + 2 + 3 + -33)?
27
-18 + (-20 - -3) - (82 - 42)
-75
What is the value of -45 + -3 + 48 + -8?
-8
Evaluate 31 - (-5 + 12 + 19 + -21).
26
-34 - (-34 + (63 - 81))
18
What is (-15 - -19 - (-72 - -1)) + -517 + 515?
73
What is (-6 - (2 - (2 - 5))) + (-27 - -27) + -51?
-62
What is -131 + 83 + 139 + -144?
-53
(-242 - (50 + -248)) + (-19 - 1)
-64
What is 2 - (-63 + -46) - 50?
61
What is -118 + 9 + (199 - 151)?
-61
Evaluate (2 - 2) + 26 + (-13 - -3) + -2 - 86.
-72
What is 84 - (-67 - (-193 - -9))?
-33
What is -4 + 4 - (1 + (4 - (17 - 28)))?
-16
Calculate 66 + -2 + (-7 - (-19 - (-39 + 32))).
69
What is the value of 2 + -6 - (18 - -1 - 1)?
-22
47 - ((-3 - -21) + (-22 - -6)) - -16
61
Evaluate 2 + 1 - (1 - 3) - (1036 + -1110) - 1.
78
What is (8 - 8) + -9 - (-253 - -296)?
-52
What is -22 - (10 + (-12 - -17 - 16) + -5)?
-16
Evaluate (-4 + 13 - (-3 + 15 + 91)) + -8.
-102
Evaluate 136 - (19 + 1 - ((62 - 27) + -33)).
118
Calculate (0 - 0) + (0 - 11) - (140 + 489 + -571).
-69
-28 + 27 + 36 + -61 + -81
-107
Evaluate (2 + 4 - -3) + (42 - (-21 - (-5 + -11))).
56
What is 16 - ((5 - (19 - 37)) + 2)?
-9
Calculate -66 + (-44 - (-18 - 80)).
-12
Evaluate (118 - 57) + -16 + 5.
50
Evaluate (15 + (-52 - -19) + 40 - 11) + 7.
18
Calculate -7 + -10 + -1 + 13 + 40 + -36.
-1
What is 58 + (-18 - (-18 - 3) - 19)?
42
Evaluate 128 + 39 + -20 + -52.
95
Calculate (-4 - -4) + (-3 + 7 + -7 - (-100 + -6)).
103
What is the value of -48 + 36 + (10 + -65 - 0)?
-67
What is the value of 746 + -712 + -70 + 6?
-30
Evaluate 9 + (-11 - -10 - (-29 + -6 + 0 + 6)).
37
Calculate 6 + (4 - -3 - 9 - (2 + -1)) - 54.
-51
Calculate (126 - (-13 + 86)) + 10.
63
Evaluate (0 - 1) + -9 + 234 + -229 + 7.
2
Evaluate 33 - ((58 - 52) + (-2 - -3) + 1 + -5).
30
Evaluate -1 + (18 - (6 - (-4 + -17))) - 26.
-36
Calculate (0 - -6) + 124 - (-916 - -932).
114
71 - (19 - (21 + -6))
67
Calculate ((-3 - 11) + 18 - 28) + -5 + 3.
-26
What is 23 - -1 - (-30 - (-75 - -54))?
33
What is -1 + -4 - (17 + (5 + -9 - (21 + -60)))?
-57
(35 - 9) + -45 - (-84 + 1 + -4)
68
What is the value of 76 - (43 - 37 - -51)?
19
What is 22 - 38 - (-25 + (28 + -1 - 14))?
-4
Calculate (-8 + (-73 - -39) - -17) + -1 + 164.
138
Evaluate (7 - -6) + 11 + -20 - (-13 - -49 - -16).
-48
What is the value of -45 - (-24 - (-57 + 42))?
-36
(-5 - -12) + (-2 - 0 - 47) - (53 - 42)
-53
Evaluate (3 - -4 - (245 + -188)) + -2 + 11 + -4.
-45
What is the value of 21 + -17 - -38 - 35?
7
98 + -73 + (0 - -11 - -14)
50
(26 - 48) + 18 + (-1 - (1 + -62))
56
Calculate (-37 - 1) + (-24457 - -24437).
-58
Calculate 31 - (48 - (-31 + -8)) - -15.
-41
What is (93 - 108) + -2 + (12 - 10)?
-15
Calculate (-21 + 19 + 21 - 2) + (30 - -6).
53
27 - (-4 + -30 + 7 + -5)
59
Evaluate (-2 + 46 - (-85 - -95)) + -120.
-86
What is the value of -84 + 5 - (-64 + (-2 - -54))?
-67
(1 - 3) + 1 + -13 + -37 + 109
58
-16 + 9 + -10 - (51 - 86)
18
-16 + (11 - (6 + 7)) + 13 - 9
-14
Evaluate -25 + 464 + -488 + 1 + 8.
-40
Calculate -8 - (-6 + 4 + 15 - (148 - 140)).
-13
Calculate (13 - -9 - 31) + (-111 - -150).
30
(66 - 31) + -1 + -26 - (-1 + 0)
9
What is the value of 1 + -136 + 91 + 143?
99
Evaluate (34 - (72 - 12)) + -6.
-32
Evaluate (61 - (-71 + 216)) + 84.
0
Evaluate (20 + -32 - (25 - 16 - 31)) + -4.
6
Evaluate 1 + -2 + -6 + (-2 - -9 - 3) + 7.
4
12 + (-3 - (-5 + -6)) + 8 + 1
29
What is 88 - (-14 - (-56 - -34))?
80
What is the value of (11 - 0 - (-244 + 254)) + -80?
-79
11 - (-6 + 24 - 3 - -5)
-9
What is (148 - 9) + (382 - 585)?
-64
Calculate 81 + (-31 + 32 - ((31 - 24) + (-1 - 1))).
77
(-23 + 53 - 83) + (-4 - 5) + -3
-65
Evaluate (7 - (27 - (9 - 1))) + -12 + -67.
-91
(4 - -3) + 38 + -27 + 22
40
What is the value of 5 + 9 + (7 - -18 - 8)?
31
What is the value of -133 + 113 + -37 + 87?
30
33 + -2 - (11 + -33 - -6)
47
Evaluate 59 + -36 + 22 + -26 + -2.
17
Calculate -1843 - -1788 - (2 + -55).
-2
Evaluate -1 + (-26 - -100) - -2.
75
Evaluate -5105 - -4886 - (-3 - 116).
-100
Calculate 8 + (37 - (175 + -69)).
-61
Evaluate -6 + -1 + (-298 - -279) + 6.
-20
8 + (1 - (12 + 7 - 13)) + (20 - -1)
24
11 + (-19 - -8) - (-135 - (-59 - -27))
103
Calculate -10 + (198 + -278 - (-16 - 3)).
-71
Evaluate 1 + -15 + -97 + 87 + -24.
-48
Calculate -34 + 31 - (2 - 2 - -92) - (-210 - -217).
-102
Evaluate 11 + -16 + -131 + 95.
-41
(-22 - -12) + (8 - 13) + 21 - -9
15
-54 + (-11 - -21 - (-20 - -12 - (-1 + -11)))
-48
Evaluate -24 - (41 - 31 - (2 - 12)).
-44
What is the value of (-47 - (-54 - -52)) + 70?
25
What is the value of (-45 - -100) + -6 + -12?
37
(77 - 93 - 33) + -41
-90
Calculate (14 - 0 - -2) + 4141 + -4044 + -1.
112
What is the value of -9 - 0 - 4 - (4 + (-18 - -17 - 8))?
-8
What is the value of 4 + (0 - 0) + (10360 - 10358)?
6
-108 - (-6 + (-111 - -41))
-32
What is the va